Suppose -10*m + 29 = -5*m + 2*w, 2*m + 5*w - 20 = 0. Suppose -m*f = 4*f - 3429. Is f a prime number?
False
Let k(j) = -2*j**2 + 86*j - 38. Suppose 3*r + 195 = 8*r. Is k(r) composite?
True
Suppose -9825 = -7*p + 5358. Suppose -3*c - 12 = c, p = 5*r + 2*c. Suppose -3*l = -0*l + 5*x - 1273, l - x - r = 0. Is l a prime number?
True
Let s(g) = -179*g**3 + g - 20*g**2 + 5 - 2 - 8 - 6*g. Let k be s(-5). Suppose -3895 - k = -10*o. Is o composite?
False
Is (1/12*3006436)/(10*1/30) prime?
True
Suppose 1079*s + 6005004 + 1873038 = 1097*s. Is s prime?
False
Let v be (10/2 - (5 - 6))/2. Suppose -2*d + 3 = r - 0, -d + v = -r. Is (d/(-8))/1 + 32997/68 prime?
False
Suppose 355*v + 104642712 = 571*v. Is v a composite number?
False
Let j(b) = -b + 58. Let a be j(28). Is (-209738)/(-22) - a/55 composite?
False
Suppose -r = -5*z - 32625 - 34344, 3*z - 66953 = -r. Is r prime?
True
Let s = -257 + 262. Suppose s*l + 19965 = 6*v - v, 3*v = -2*l + 11959. Is v a composite number?
False
Suppose -15*d - 2238482 = -8272007. Is d a composite number?
True
Let o(f) = 3946*f**3 - 10*f**2 + 9*f + 48. Is o(5) a prime number?
True
Let k(i) = -3*i**3 - 2*i**2 + 5*i + 150357. Is k(0) prime?
False
Is 45/(-36) + 1 - (-3 + (-1501666)/8) prime?
True
Let w(j) = -j**3 - 7*j**2 - 22*j - 91. Let u be w(-6). Suppose -u*s + 21728 + 13981 = 2*n, 0 = 5*s + n - 35712. Is s composite?
True
Let p be ((-4)/2 - 7)/((-1)/(-1)). Let x(g) = g**2 + 9*g + 31. Is x(p) a composite number?
False
Suppose 12*x = 4*f + 915634 + 540870, -2*f = 5*x - 606895. Is x a composite number?
True
Let z(d) be the second derivative of 73*d**4/3 + 13*d**3/3 - 17*d**2/2 - 38*d + 2. Is z(-8) prime?
False
Let l be -6 + 8 + 249 + 0/1. Is l/3*(-13 - -16) a prime number?
True
Let u(j) = j**3 - j**2 + j. Let f(l) = -9*l**3 + l**2 - l - 3. Let t(x) = -f(x) - 5*u(x). Let i be t(4). Let a = i - 164. Is a a composite number?
True
Let o = 67840 - 22405. Suppose 555*j + o = 570*j. Is j prime?
False
Let l(m) be the first derivative of 47*m**3/3 + m**2 + 3*m + 6. Let p be l(-2). Suppose -3*h = -2*h - p. Is h prime?
False
Suppose 2*j + 26703 = 3*m + 6530, 2*j = -m - 20193. Is j/(-14) + (0 - 0) + -2 a composite number?
False
Let p(b) = 7*b**2 + 91*b + 341. Is p(51) composite?
False
Let k(y) = 5*y**2 - 187*y + 5879. Is k(29) composite?
True
Suppose 3*f - 7 = -2*p, 23*f = 27*f + p - 11. Suppose 2*g - 6*g + 6418 = 2*s, 3*s - f*g - 9582 = 0. Is s a prime number?
False
Let o = 2365380 + -932539. Is o composite?
False
Suppose 5*m - 3810 = 3*i + 14663, 0 = -5*i - 30. Is m a composite number?
False
Suppose -50*d + 921239 = -1955411. Is d composite?
True
Suppose -4*k = 4*a - 110 - 58, 0 = -k - 3*a + 34. Suppose -k - 218 = 12*x. Is (-80046)/(-66) - 4/x composite?
False
Let c be (-421)/((-13)/(-7) - 2). Let a = c - 1796. Is a a prime number?
True
Let o(h) = -74251*h - 2025. Is o(-6) prime?
False
Let t(f) = 576*f + 19. Let q be t(4). Suppose -s + 10*w - 6*w = -2353, -s - 2*w + q = 0. Is s a composite number?
False
Let s(i) = 10*i - 150 - 140 + 300 + 7*i. Suppose -2*c + 6*c = 36. Is s(c) composite?
False
Let u = 199 + -544. Let h = -217 - u. Is h - (1 - 0)*1 a composite number?
False
Suppose -11 + 8 = -3*b, 4*t - 397206 = -2*b. Is t a composite number?
True
Is (-4)/(-54) - (6737161531/513)/(-61) a prime number?
False
Suppose -811*h = -829*h + 1916766. Is h prime?
True
Suppose 0 = 621*t - 618*t - 40182. Let p = -2015 + t. Is p prime?
False
Suppose -20*p + 203357 + 307103 = 0. Is p a composite number?
False
Suppose 0 = 2*u - 4*h + 74, 0 = -2*u - 5*h + 8 - 55. Let b = -33 - u. Is (-14)/(-21)*(-1335)/b a composite number?
True
Let b = 4516 + -11050. Let u = b + 11543. Is u prime?
True
Suppose -17*u + 19*u = 4. Suppose -2*m = -u*x - 6676, 4*m - 10006 = m + x. Suppose -m = -5*o - 4*c - 415, -5*c + 567 = o. Is o prime?
True
Suppose 121153 + 35087 = -12*a. Let p = 4 - 29. Is (-2)/(-10) + a/p prime?
True
Suppose q + 5221 = 4*q - 4*a, -5*a = -25. Suppose 2*z = q + 8431. Is z composite?
True
Is (((-12)/(-21))/((-12)/(-14)))/((-6)/(-2583909)) prime?
False
Let w(n) = 23*n**2 + n - 15. Let h be w(-8). Let g be (4464/(-28))/(-3)*(-35)/(-2). Let v = h - g. Is v prime?
False
Let j = -7 - -64. Let d = 57 - j. Suppose d = -2*n - 6, 735 = 4*u - n - 13832. Is u a prime number?
False
Is (29 - -1)*(-316184)/(-528) a prime number?
False
Let c(v) = 46*v**2 - 12*v + 539. Is c(30) prime?
True
Let d(i) = -i**3 - 19*i**2 + 13*i + 45. Let o = -272 + 250. Is d(o) a composite number?
True
Suppose 12*t - 36219843 = -87*t. Is t a composite number?
True
Suppose -373 = 9*m - 112. Let q = -27 - m. Suppose 641 = 2*v + 3*b, q*v + b - 958 = -v. Is v a composite number?
True
Let k(t) = 29*t - 284. Let n be k(10). Is (-2)/n*((3 - -11) + -68993) a prime number?
True
Suppose b + 51 = -t + 6*t, 4*t = -3*b + 56. Is -14 + t - 6*-772 composite?
True
Suppose 22*z - 72781 = -2254820 + 19263477. Is z a composite number?
False
Suppose 7*q - 263 = 913. Is (-48)/q + 98685/21 composite?
True
Let c = 12 + -11. Suppose 0 = 2*l - c - 11. Is (0 - -142)*3/l prime?
True
Let y(s) = 4421*s**2 + 2*s - 16. Suppose 0 = -2*n - 30 + 36. Is y(n) a prime number?
True
Is 17944/(-2 + -2)*232/(-16) a composite number?
True
Let s be (6/8)/(-5 - 255633/(-51128)). Let f = s - -20459. Is f prime?
False
Suppose -5*g + 10*g - 314836 = -4*p, 4*g + 16 = 0. Suppose -39371 = -o + 11*z - 16*z, 2*o = 4*z + p. Is o composite?
True
Is (22/220 + 4/10)/((-7)/(-1171506)) prime?
False
Let p be 1/(-6 - (-186)/30). Suppose -y + 10*g - p*g = -3771, -2*y + 7512 = 5*g. Is y a composite number?
False
Let f be (-6)/4*(-5)/((-30)/(-52)). Suppose -f*l + 14*l - 5 = 0. Suppose l*o = -5*k + 400, 4*k - 2*o - 360 = 2*o. Is k a prime number?
False
Let j = 624 - 606. Let l(y) = -16*y + 4*y**2 + 0*y - 7*y - 1 - y**2. Is l(j) a prime number?
True
Let c(s) = -25*s**2 - 3*s - 7. Let g(i) = 13*i**2 + 2*i + 4. Let x(v) = -4*c(v) - 9*g(v). Let o be x(7). Is 2/8 - (o/4 + -2) prime?
True
Let j be ((-11)/(-44))/((-4)/(-5872)). Suppose -j + 3041 = 2*q. Is q a composite number?
True
Let s(q) = -q**2 - q + 1559. Let r be s(0). Let c be -14*(-7)/98*4. Suppose -c*t + r = -b, 5*b = t - 213 - 191. Is t a prime number?
True
Let k = -182 + -340. Let p = k + 1883. Is p a composite number?
False
Suppose 4*w - 7*w + 20 = -4*u, -u - 4 = -w. Is (-23418)/u + 6/(-24) prime?
True
Let h = -19529 + 75938. Is h composite?
True
Suppose 2*o + 2*p - 73799 + 27095 = 0, 116760 = 5*o - p. Let d = o - 16121. Is d a composite number?
True
Suppose 7983 = -7*p + 16*p. Suppose 7*x = 8*x - p. Is x a composite number?
False
Let u(h) = -4*h + 2. Let f be u(-2). Suppose f*w = 6*w + 8204. Suppose 11*c = 4*c + w. Is c prime?
True
Let s be 5 + 14/(84/22446). Let x = s - 1597. Is x composite?
True
Let l = 2118 - -1845. Suppose -295 = -2*g + l. Suppose 5*k - 4*k - g = 0. Is k prime?
True
Is (-34638186)/(-484)*(-8)/(-6) a composite number?
True
Let f be ((-3)/(-2))/(5/10) + 29. Is 8418/4 + 16/f composite?
True
Let q = -6880 + 14000. Suppose 8*p - q - 4632 = 0. Is p a prime number?
False
Let i = -7538 + 1341. Is i/((5 - 0)/(-5)) a composite number?
False
Let b = -59 + 50. Is -6 - b - 4*-1744 a prime number?
False
Suppose 5 = o, 3*v + 3*o - 2346 = -0*v. Let n = 1223 - v. Is n a composite number?
True
Suppose -78*k - 2312597 = -10750715. Is k composite?
True
Let t = 43944 - 20485. Is t a composite number?
False
Suppose -4*g = -6*l + 5*l + 259403, 4*g = 0. Is l a prime number?
False
Let y(c) = -3818*c - 227. Let v be y(17). Let q = v - -113174. Is q composite?
True
Let o = -31 + 56. Suppose -22*q + o*q - 45 = 0. Suppose q*f = 13735 + 28940. Is f composite?
True
Suppose -8*o + 14 + 18 = 0. Suppose -i - 2*u = -o*i + 4555, -5*u + 4541 = 3*i. Is i a prime number?
False
Let a(n) = -n + 201. Let d(t) = 5*t - 1004. Let w(j) = 11*a(j) + 2*d(j). Suppose 7*p = 3*p + c - 1, 2*p = -3*c + 3. Is w(p) prime?
False
Suppose 983067 = 3*f - 2*h, -17*h + 12*h + 983067 = 3*f. Is f composite?
False
Let l(c) = 1773*c**3 + 5*c**2 - 12*c - 6. Let v be l(4). Suppose 0 = 2*x + 4*y - v, -2*y + 41798 = -4*x + 268824. Is x composite?
True
Suppose -2*m + 57907 = -81341. Suppose 4*b - m = 4*h, -6804 = 2*b + 5*h - 41588. Is b/18 + (6/27)/1 a prime number?
True
Let d = -693 - -682. Let i(s) = -7*s**3 - 26*s**2 - 13*s - 27. Is i(d) a prime